1 prime?
True
Is 4337400271 a composite number?
False
Is 275866061 prime?
True
Is 108370643 a composite number?
False
Is 17488317481 prime?
True
Is 5780862077 a composite number?
False
Is 20346972827 prime?
False
Is 198800951 prime?
False
Is 101569753 composite?
False
Is 186573094313 a prime number?
True
Is 2643611851 composite?
False
Is 515333395 a composite number?
True
Is 803925569 a prime number?
True
Is 3691652723 prime?
False
Is 171078389353 composite?
True
Is 1455454699 prime?
True
Is 14763171593 a composite number?
True
Is 82350581 prime?
True
Is 1905191401 prime?
True
Is 824260681 a composite number?
True
Is 10629502973 prime?
True
Is 957766261 a composite number?
False
Is 4820116449 a composite number?
True
Is 847535837 composite?
False
Is 74401841 composite?
True
Is 13446424591 prime?
True
Is 19939318349 prime?
False
Is 547246111 prime?
True
Is 6312444859 prime?
False
Is 2499207065 a prime number?
False
Is 13832394619 a composite number?
False
Is 56126674999 a prime number?
True
Is 1469289103 a composite number?
False
Is 88526669951 prime?
True
Is 189026081 composite?
True
Is 217123628621 composite?
True
Is 9622670557 composite?
False
Is 233464903 composite?
True
Is 9599624471 composite?
True
Is 497551969 a composite number?
True
Is 367732543 composite?
True
Is 2157898991 composite?
False
Is 117959865323 a composite number?
True
Is 4607488523 prime?
False
Is 1954135487 prime?
True
Is 8733959771 a composite number?
False
Is 23101369919 prime?
True
Is 1227767521 prime?
False
Is 1098985133 prime?
True
Is 117109021 composite?
False
Is 56059591009 a composite number?
False
Is 2053567877 a prime number?
True
Is 8460586097 a prime number?
True
Is 354942737 a composite number?
True
Is 343390297 a composite number?
True
Is 193304334149 a prime number?
True
Is 194811311183 a prime number?
True
Is 2178705143 a prime number?
True
Is 7093312741 prime?
True
Is 97341358 a prime number?
False
Is 293165063 a prime number?
True
Is 547623409 prime?
True
Is 11612280887 a prime number?
False
Is 8060173285 a prime number?
False
Is 581133023 prime?
True
Is 774041161 a prime number?
False
Is 8414898389 composite?
True
Is 1049575493 prime?
False
Is 3805385141 prime?
False
Is 67344103091 prime?
False
Is 1169582659 composite?
True
Is 4976496593 composite?
True
Is 52750553 prime?
True
Is 96020963 composite?
True
Is 43784013439 prime?
False
Is 28630213 a prime number?
False
Is 7863134777 prime?
False
Is 2978496289 composite?
False
Is 54205262563 a composite number?
False
Is 3176662663 a composite number?
True
Is 31113240521 a composite number?
True
Is 212128663 prime?
False
Is 584279207 prime?
False
Is 9223851173 a prime number?
False
Is 10634508977 a composite number?
False
Is 483917417 composite?
False
Is 601991039 composite?
True
Is 986055737 a prime number?
True
Is 9846054109 composite?
True
Is 4536860659 a prime number?
False
Is 14772955181 prime?
False
Is 642851639 a composite number?
True
Is 104798153 prime?
False
Is 10224933079 composite?
True
Is 1701621611 a prime number?
True
Is 18340397219 composite?
True
Is 33488933 prime?
True
Is 25966030229 a composite number?
False
Is 1615341191 prime?
True
Is 2810417989 a composite number?
False
Is 3508831819 a prime number?
False
Is 6178236847 a prime number?
True
Is 33427813121 prime?
True
Is 5427204307 prime?
False
Is 427851715 a prime number?
False
Is 847059293 a composite number?
False
Is 13881402733 prime?
False
Is 1811910203 prime?
False
Is 8872740301 prime?
False
Is 4340722979 composite?
False
Is 127832899 a composite number?
True
Is 2133702049 prime?
True
Is 7533740999 a composite number?
True
Is 1181038091 composite?
False
Is 666329 a prime number?
True
Is 1379804603 prime?
True
Is 263680229 a composite number?
False
Is 6200096029 a composite number?
True
Is 64243228873 prime?
False
Is 47661519263 composite?
True
Is 7778893091 prime?
False
Is 66799112447 prime?
True
Is 49906957739 composite?
True
Is 138582849731 a prime number?
True
Is 195484871399 a composite number?
False
Is 3221286839 composite?
True
Is 97096109 a prime number?
False
Is 32141431657 prime?
True
Is 21756661609 a composite number?
False
Is 3009637727 a prime number?
True
Is 200943827501 prime?
True
Is 4495525691 composite?
True
Is 445279342 a prime number?
False
Is 732832231 a composite number?
False
Is 8190701471 a prime number?
True
Is 110874859 a prime number?
False
Is 1240837889 a composite number?
True
Is 8910222947 a prime number?
True
Is 3194720549 a prime number?
True
Is 4711598431 a prime number?
True
Is 92001667273 a composite number?
False
Is 68096770909 a composite number?
True
Is 8411955547 prime?
True
Is 5095866781 composite?
True
Is 198780389 composite?
True
Is 2740428869 prime?
False
Is 12868242143 prime?
True
Is 10278824191 composite?
False
Is 2042448455 a prime number?
False
Is 1866814067 a composite number?
True
Is 6576258797 prime?
True
Is 28383733361 a prime number?
False
Is 35134623893 prime?
False
Is 2188278271 composite?
False
Is 16997612447 a prime number?
False
Is 495701519 a composite number?
True
Is 10065543769 prime?
False
Is 27267914593 a prime number?
False
Is 1246271987 a prime number?
False
Is 1512022 prime?
False
Is 104661737 a composite number?
False
Is 17946961343 a composite number?
False
Is 11513847929 composite?
False
Is 2058503977 composite?
False
Is 403012957 prime?
True
Is 13012259173 prime?
True
Is 235499489 prime?
False
Is 45627848017 a composite number?
True
Is 29195718091 a prime number?
False
Is 7754443877 prime?
True
Is 1230165147 prime?
False
Is 876015497 a composite number?
True
Is 1269274999 prime?
False
Is 216900113 a composite number?
False
Is 122867297723 a composite number?
False
Is 515138543 a composite number?
True
Is 20310356611 prime?
True
Is 42975360601 a composite number?
True
Is 60677680411 composite?
True
Is 1088655353 a prime number?
True
Is 8548911337 a prime number?
True
Is 983962619 composite?
True
Is 30267691 prime?
False
Is 2038398389 a composite number?
False
Is 15582550307 a composite number?
False
Is 52131032777 a composite number?
False
Is 296550699909 a prime number?
False
Is 641749483 composite?
False
Is 5770127849 a prime number?
True
Is 6185449471 prime?
False
Is 2459393305 a composite number?
True
Is 1004135831 prime?
True
Is 36815091899 a prime number?
True
Is 97276759 a composite number?
True
Is 18433690295 a composite number?
True
Is 65357069 a prime number?
False
Is 1316924801 a prime number?
True
Is 77825620139 prime?
True
Is 9054939793 a composite number?
False
Is 6982055953 composite?
True
Is 3748585903 composite?
False
Is 60405616829 prime?
False
Is 183488167 a prime number?
False
Is 73180489 composite?
True
Is 14008200713 prime?
False
Is 637048957 prime?
True
Is 28424051251 prime?
False
Is 3618224497 composite?
False
Is 63335297 a composite number?
False
Is 3740268013 a composite number?
True
Is 213041395421 prime?
True
Is 85906615 prime?
False
Is 2323558343 prime?
True
Is 34675943 prime?
True
Is 50848773353 a prime number?
False
Is 363650701 composite?
False
Is 5076087209 prime?
False
Is 192242753 prime?
True
Is 12826115933 composite?
True
Is 3097707383 a prime number?
True
Is 140484454189 prime?
True
Is 5424635 prime?
False
Is 1592011237 a composite number?
False
Is 9541089991 prime?
True
Is 476824501 a composite number?
False
Is 263190871 a prime number?
False
Is 7441559 prime?
False
Is 3370131101 a prime number?
True
Is 811880557 a prime number?
True
Is 442294109 composite?
True
Is 82225818523 composite?
False
Is 48989267963 a composite number?
True
Is 8487341609 a composite number?
False
Is 9038005661 a prime number?
False
Is 1236736679 a composite number?
False
Is 1321597619 a composite number?
False
Is 17797207583 composite?
False
Is 396787763 a prime number?
True
Is 10563604763 a prime number?
True
Is 4078732877 composite?
True
Is 54050429 composite?
True
Is 1400370443 composite?
False
Is 16300609651 prime?
True
Is 806093021 a prime number?
True
Is 6360177503 composite?
False
Is 9811623529 a composite number?
True
Is 53518567 composite?
True
Is 415726657 a composite number?
False
Is 818653043 prime?
False
Is 8002809701 composite?
False
Is 21302478217 a prime number?
False
Is 383469479 composite?
False
Is 4160951 prime?
True
Is 121894727 